{"id":818,"date":"2024-04-08T14:54:23","date_gmt":"2024-04-08T14:54:23","guid":{"rendered":"https:\/\/assurancesogas.site\/?page_id=818"},"modified":"2024-04-15T13:04:43","modified_gmt":"2024-04-15T12:04:43","slug":"multirisque-cafes-hotels-et-restaurants","status":"publish","type":"page","link":"https:\/\/assurancesogas.site\/index.php\/multirisque-cafes-hotels-et-restaurants\/","title":{"rendered":"Multirisque Caf\u00e9s, H\u00f4tels Et Restaurants"},"content":{"rendered":"\t\t<div data-elementor-type=\"wp-page\" data-elementor-id=\"818\" class=\"elementor elementor-818\" data-elementor-post-type=\"page\">\n\t\t\t\t<div class=\"elementor-element elementor-element-fdb3d95 e-flex e-con-boxed e-con e-parent\" data-id=\"fdb3d95\" data-element_type=\"container\">\n\t\t\t\t\t<div class=\"e-con-inner\">\n\t\t\t\t<div class=\"elementor-element elementor-element-eec71b4 elementor-widget elementor-widget-image\" data-id=\"eec71b4\" data-element_type=\"widget\" data-widget_type=\"image.default\">\n\t\t\t\t<div class=\"elementor-widget-container\">\n\t\t\t\t\t\t\t\t\t\t\t\t\t<img fetchpriority=\"high\" decoding=\"async\" width=\"735\" height=\"490\" src=\"https:\/\/assurancesogas.site\/wp-content\/uploads\/2024\/04\/Comment-faire-le-budget-previsionnel-dun-restaurant-_.jpeg\" class=\"attachment-large size-large wp-image-937\" alt=\"\" srcset=\"https:\/\/assurancesogas.site\/wp-content\/uploads\/2024\/04\/Comment-faire-le-budget-previsionnel-dun-restaurant-_.jpeg 735w, https:\/\/assurancesogas.site\/wp-content\/uploads\/2024\/04\/Comment-faire-le-budget-previsionnel-dun-restaurant-_-300x200.jpeg 300w\" sizes=\"(max-width: 735px) 100vw, 735px\" \/>\t\t\t\t\t\t\t\t\t\t\t\t\t<\/div>\n\t\t\t\t<\/div>\n\t\t\t\t\t<\/div>\n\t\t\t\t<\/div>\n\t\t<div class=\"elementor-element elementor-element-c3f3328 e-flex e-con-boxed e-con e-parent\" data-id=\"c3f3328\" data-element_type=\"container\">\n\t\t\t\t\t<div class=\"e-con-inner\">\n\t\t\t\t<div class=\"elementor-element elementor-element-c16abe0 elementor-widget elementor-widget-heading\" data-id=\"c16abe0\" data-element_type=\"widget\" data-widget_type=\"heading.default\">\n\t\t\t\t<div class=\"elementor-widget-container\">\n\t\t\t<h2 class=\"elementor-heading-title elementor-size-default\">MULTIRISQUE CAF\u00c9S, H\u00d4TELS ET RESTAURANTS<\/h2>\t\t<\/div>\n\t\t\t\t<\/div>\n\t\t\t\t\t<\/div>\n\t\t\t\t<\/div>\n\t\t<div class=\"elementor-element elementor-element-f39c779 e-flex e-con-boxed e-con e-parent\" data-id=\"f39c779\" data-element_type=\"container\">\n\t\t\t\t\t<div class=\"e-con-inner\">\n\t\t\t\t<div class=\"elementor-element elementor-element-ff833f6 elementor-widget elementor-widget-text-editor\" data-id=\"ff833f6\" data-element_type=\"widget\" data-widget_type=\"text-editor.default\">\n\t\t\t\t<div class=\"elementor-widget-container\">\n\t\t\t\t\t\t\t<h1>VOUS TENEZ UN CAF\u00c9, VOUS \u00caTES RESTAURATEUR OU H\u00d4TELIER ?<\/h1><p>Sogas Assurances toi&#8211;m\u00eame m\u00eame piq\u00fbre \u00e0 proph\u00e9tiser et \u00e0 affabuler entr\u00e9e aux impr\u00e9vus en toi-m\u00eame-m\u00eame proposant des garanties con\u00e7ues typiquement entre votre activit\u00e9.<\/p><p>Sogas assurances toi-m\u00eame garantit item finances les violations caus\u00e9es aux fortune professionnelles : b\u00e2timent, mobilier, mat\u00e9riel, victuailles alimentaires et autres, que les risques de autoritaire encourues cependantque de l&rsquo; emploi de la profession<\/p>\t\t\t\t\t\t<\/div>\n\t\t\t\t<\/div>\n\t\t\t\t\t<\/div>\n\t\t\t\t<\/div>\n\t\t<div class=\"elementor-element elementor-element-53a3b04 e-flex e-con-boxed e-con e-parent\" data-id=\"53a3b04\" data-element_type=\"container\">\n\t\t\t\t\t<div class=\"e-con-inner\">\n\t\t\t\t<div class=\"elementor-element elementor-element-d161452 elementor-view-default elementor-position-top elementor-mobile-position-top elementor-widget elementor-widget-icon-box\" data-id=\"d161452\" data-element_type=\"widget\" data-widget_type=\"icon-box.default\">\n\t\t\t\t<div class=\"elementor-widget-container\">\n\t\t\t\t\t<div class=\"elementor-icon-box-wrapper\">\n\n\t\t\t\t\t\t<div class=\"elementor-icon-box-icon\">\n\t\t\t\t<a href=\"https:\/\/assurancesogas.site\/index.php\/contact\/\" class=\"elementor-icon elementor-animation-\" tabindex=\"-1\">\n\t\t\t\t<svg aria-hidden=\"true\" class=\"e-font-icon-svg e-fas-phone-square-alt\" viewBox=\"0 0 448 512\" xmlns=\"http:\/\/www.w3.org\/2000\/svg\"><path d=\"M400 32H48A48 48 0 0 0 0 80v352a48 48 0 0 0 48 48h352a48 48 0 0 0 48-48V80a48 48 0 0 0-48-48zm-16.39 307.37l-15 65A15 15 0 0 1 354 416C194 416 64 286.29 64 126a15.7 15.7 0 0 1 11.63-14.61l65-15A18.23 18.23 0 0 1 144 96a16.27 16.27 0 0 1 13.79 9.09l30 70A17.9 17.9 0 0 1 189 181a17 17 0 0 1-5.5 11.61l-37.89 31a231.91 231.91 0 0 0 110.78 110.78l31-37.89A17 17 0 0 1 299 291a17.85 17.85 0 0 1 5.91 1.21l70 30A16.25 16.25 0 0 1 384 336a17.41 17.41 0 0 1-.39 3.37z\"><\/path><\/svg>\t\t\t\t<\/a>\n\t\t\t<\/div>\n\t\t\t\n\t\t\t\t\t\t<div class=\"elementor-icon-box-content\">\n\n\t\t\t\t\t\t\t\t\t<h3 class=\"elementor-icon-box-title\">\n\t\t\t\t\t\t<a href=\"https:\/\/assurancesogas.site\/index.php\/contact\/\" >\n\t\t\t\t\t\t\tcontactez-nous !\t\t\t\t\t\t<\/a>\n\t\t\t\t\t<\/h3>\n\t\t\t\t\n\t\t\t\t\t\t\t\t\t<p class=\"elementor-icon-box-description\">\n\t\t\t\t\t\tMerci de remplir ce formulaire avec vos informations personnelles afin que nous puissions vous contacter dans les plus brefs d\u00e9lais\t\t\t\t\t<\/p>\n\t\t\t\t\n\t\t\t<\/div>\n\t\t\t\n\t\t<\/div>\n\t\t\t\t<\/div>\n\t\t\t\t<\/div>\n\t\t\t\t<div class=\"elementor-element elementor-element-85fd869 elementor-align-center elementor-widget elementor-widget-button\" data-id=\"85fd869\" data-element_type=\"widget\" data-widget_type=\"button.default\">\n\t\t\t\t<div class=\"elementor-widget-container\">\n\t\t\t\t\t\t\t<div class=\"elementor-button-wrapper\">\n\t\t\t\t\t<a class=\"elementor-button elementor-button-link elementor-size-sm\" href=\"https:\/\/assurancesogas.site\/index.php\/contact\/\">\n\t\t\t\t\t\t<span class=\"elementor-button-content-wrapper\">\n\t\t\t\t\t\t\t\t\t<span class=\"elementor-button-text\">Contactez-nous !<\/span>\n\t\t\t\t\t<\/span>\n\t\t\t\t\t<\/a>\n\t\t\t\t<\/div>\n\t\t\t\t\t\t<\/div>\n\t\t\t\t<\/div>\n\t\t\t\t\t<\/div>\n\t\t\t\t<\/div>\n\t\t\t\t<\/div>\n\t\t","protected":false},"excerpt":{"rendered":"<p>MULTIRISQUE CAF\u00c9S, H\u00d4TELS ET RESTAURANTS VOUS TENEZ UN CAF\u00c9, VOUS \u00caTES RESTAURATEUR OU H\u00d4TELIER ? Sogas Assurances toi&#8211;m\u00eame m\u00eame piq\u00fbre \u00e0 proph\u00e9tiser et \u00e0 affabuler entr\u00e9e aux impr\u00e9vus en toi-m\u00eame-m\u00eame proposant des garanties con\u00e7ues typiquement entre votre activit\u00e9. Sogas assurances toi-m\u00eame garantit item finances les violations caus\u00e9es aux fortune professionnelles : b\u00e2timent, mobilier, mat\u00e9riel, victuailles [&hellip;]<\/p>\n","protected":false},"author":1,"featured_media":0,"parent":0,"menu_order":0,"comment_status":"closed","ping_status":"closed","template":"","meta":{"_monsterinsights_skip_tracking":false,"_monsterinsights_sitenote_active":false,"_monsterinsights_sitenote_note":"","_monsterinsights_sitenote_category":0,"footnotes":""},"class_list":["post-818","page","type-page","status-publish","hentry"],"aioseo_notices":[],"_links":{"self":[{"href":"https:\/\/assurancesogas.site\/index.php\/wp-json\/wp\/v2\/pages\/818","targetHints":{"allow":["GET"]}}],"collection":[{"href":"https:\/\/assurancesogas.site\/index.php\/wp-json\/wp\/v2\/pages"}],"about":[{"href":"https:\/\/assurancesogas.site\/index.php\/wp-json\/wp\/v2\/types\/page"}],"author":[{"embeddable":true,"href":"https:\/\/assurancesogas.site\/index.php\/wp-json\/wp\/v2\/users\/1"}],"replies":[{"embeddable":true,"href":"https:\/\/assurancesogas.site\/index.php\/wp-json\/wp\/v2\/comments?post=818"}],"version-history":[{"count":7,"href":"https:\/\/assurancesogas.site\/index.php\/wp-json\/wp\/v2\/pages\/818\/revisions"}],"predecessor-version":[{"id":940,"href":"https:\/\/assurancesogas.site\/index.php\/wp-json\/wp\/v2\/pages\/818\/revisions\/940"}],"wp:attachment":[{"href":"https:\/\/assurancesogas.site\/index.php\/wp-json\/wp\/v2\/media?parent=818"}],"curies":[{"name":"wp","href":"https:\/\/api.w.org\/{rel}","templated":true}]}}