{"id":814,"date":"2024-04-08T14:48:57","date_gmt":"2024-04-08T14:48:57","guid":{"rendered":"https:\/\/assurancesogas.site\/?page_id=814"},"modified":"2024-04-15T13:26:26","modified_gmt":"2024-04-15T12:26:26","slug":"pro-le-bireau","status":"publish","type":"page","link":"https:\/\/assurancesogas.site\/index.php\/pro-le-bireau\/","title":{"rendered":"Pro + Le bireau"},"content":{"rendered":"\t\t<div data-elementor-type=\"wp-page\" data-elementor-id=\"814\" class=\"elementor elementor-814\" data-elementor-post-type=\"page\">\n\t\t\t\t<div class=\"elementor-element elementor-element-161eabd e-flex e-con-boxed e-con e-parent\" data-id=\"161eabd\" data-element_type=\"container\">\n\t\t\t\t\t<div class=\"e-con-inner\">\n\t\t\t\t<div class=\"elementor-element elementor-element-d949638 elementor-widget elementor-widget-image\" data-id=\"d949638\" data-element_type=\"widget\" data-widget_type=\"image.default\">\n\t\t\t\t<div class=\"elementor-widget-container\">\n\t\t\t\t\t\t\t\t\t\t\t\t\t<img fetchpriority=\"high\" decoding=\"async\" width=\"800\" height=\"560\" src=\"https:\/\/assurancesogas.site\/wp-content\/uploads\/2024\/04\/AdobeStock_213520743_Preview-transformed.jpeg\" class=\"attachment-large size-large wp-image-914\" alt=\"\" srcset=\"https:\/\/assurancesogas.site\/wp-content\/uploads\/2024\/04\/AdobeStock_213520743_Preview-transformed.jpeg 953w, https:\/\/assurancesogas.site\/wp-content\/uploads\/2024\/04\/AdobeStock_213520743_Preview-transformed-300x210.jpeg 300w, https:\/\/assurancesogas.site\/wp-content\/uploads\/2024\/04\/AdobeStock_213520743_Preview-transformed-768x538.jpeg 768w\" sizes=\"(max-width: 800px) 100vw, 800px\" \/>\t\t\t\t\t\t\t\t\t\t\t\t\t<\/div>\n\t\t\t\t<\/div>\n\t\t\t\t\t<\/div>\n\t\t\t\t<\/div>\n\t\t<div class=\"elementor-element elementor-element-c37ffde e-flex e-con-boxed e-con e-parent\" data-id=\"c37ffde\" data-element_type=\"container\">\n\t\t\t\t\t<div class=\"e-con-inner\">\n\t\t\t\t<div class=\"elementor-element elementor-element-22e5da1 elementor-widget elementor-widget-heading\" data-id=\"22e5da1\" data-element_type=\"widget\" data-widget_type=\"heading.default\">\n\t\t\t\t<div class=\"elementor-widget-container\">\n\t\t\t<h2 class=\"elementor-heading-title elementor-size-default\">Pro + Le bureau<\/h2>\t\t<\/div>\n\t\t\t\t<\/div>\n\t\t\t\t\t<\/div>\n\t\t\t\t<\/div>\n\t\t<div class=\"elementor-element elementor-element-72ff0d4 e-flex e-con-boxed e-con e-parent\" data-id=\"72ff0d4\" data-element_type=\"container\">\n\t\t\t\t\t<div class=\"e-con-inner\">\n\t\t\t\t<div class=\"elementor-element elementor-element-562e887 elementor-widget elementor-widget-text-editor\" data-id=\"562e887\" data-element_type=\"widget\" data-widget_type=\"text-editor.default\">\n\t\t\t\t<div class=\"elementor-widget-container\">\n\t\t\t\t\t\t\t<h1>Assurance professionnelle : Prot\u00e9ger votre entreprise et vos employ\u00e9s<\/h1><p>Dans le monde des affaires, la s\u00e9curit\u00e9 est tr\u00e8s importante. Que vous dirigiez une petite entreprise ou une grande entreprise, vous serez confront\u00e9 \u00e0 diverses probl\u00e9matiques qui peuvent affecter votre entreprise. C&rsquo;est l\u00e0 qu&rsquo;intervient l&rsquo;assurance sp\u00e9cialis\u00e9e. En tant que propri\u00e9taire d&rsquo;entreprise, vous devez comprendre l&rsquo;importance de cette couverture pour prot\u00e9ger votre entreprise et vos employ\u00e9s.<\/p><p>\u00a0Pourquoi avez-vous besoin d&rsquo;une assurance professionnelle Elle couvre \u00e9galement les frais juridiques associ\u00e9s \u00e0 la d\u00e9fense de votre entreprise contre de telles r\u00e9clamations.<\/p><h2>1. Protection contre les R\u00e9clamations des Tiers :\u00a0<\/h2><p>Imaginez un client qui glisse et se b\u00e9nit dans votre magasin, ou un client insatisfait qui poursuit votre entreprise pour des produits d\u00e9fectueux. Sans assurance professionnelle, ces r\u00e9clamations pourraient entra\u00eener des co\u00fbts \u00e9lev\u00e9s en dommages et int\u00e9r\u00eats, ainsi qu&rsquo;en frais juridiques.<\/p><h2>2. Services professionnels :<\/h2><p>\u00a0si votre entreprise fournit une assistance technique, votre risque d&rsquo;erreurs est plus \u00e9lev\u00e9. L&rsquo;assurance services professionnels vous prot\u00e8ge contre les erreurs, fautes ou omissions qui surviennent au cours de votre travail.<\/p><h2>3. Soins aux employ\u00e9s :<\/h2><p>Vos employ\u00e9s sont l&rsquo;\u00e9pine dorsale de votre entreprise. L&rsquo;assurance responsabilit\u00e9 civile des salari\u00e9s (ECI) est souvent incluse dans l&rsquo;assurance professionnelle et prot\u00e8ge les r\u00e9clamations li\u00e9es aux accidents du travail et aux maladies professionnelles des salari\u00e9s.<\/p><h1>\u00a0Types d&rsquo;assurance commerciale<\/h1><p>L&rsquo;assurance commerciale est un domaine vaste et complexe, et il existe de nombreux types d&rsquo;assurance disponibles pour r\u00e9pondre aux besoins de votre entreprise. Voici les principaux types d&rsquo;assurance professionnelle :<\/p><h2>1. Assurance responsabilit\u00e9 civile :<\/h2><p>Vous couvre contre les dommages caus\u00e9s \u00e0 votre corps, \u00e0 vos biens ou \u00e0 vos biens par un tiers pendant que vous \u00eates employ\u00e9.<\/p><h2>2. Responsabilit\u00e9 professionnelle :<\/h2><p>Protection contre les r\u00e9clamations d\u00e9coulant de fautes professionnelles, d&rsquo;erreurs et d&rsquo;omissions dans les services professionnels.<\/p><h2>3. Assurance des biens :<\/h2><p>Prot\u00e8ge les actifs de votre entreprise, tels que vos biens, votre \u00e9quipement et vos fournitures, contre les dommages ou les pertes caus\u00e9s par un incendie, un vol ou des catastrophes naturelles.<\/p><h2>4. Leurs clients (aviaires).<\/h2><p>\u00a0Comment choisir la bonne assurance commerciale<\/p><h1>Choisir la bonne assurance pour votre entreprise peut \u00eatre une t\u00e2che ardue. Voici quelques conseils pour vous aider \u00e0 prendre votre d\u00e9cision :<\/h1><h2>1. Analyse des risques :<\/h2><p>Identifiez les Les risques les plus importants auxquels votre entreprise peut \u00eatre confront\u00e9e, tels que les accidents du travail, les fausses d\u00e9clarations ou les cyberattaques.<\/p><h2>2. Trouvez un expert :<\/h2><p>Travailler avec un courtisan ou un agent d&rsquo;assurance exp\u00e9riment\u00e9 peut vous aider \u00e0 comprendre vos besoins en assurance et \u00e0 obtenir la meilleure couverture au meilleur prix.<\/p><h2>3. Notes sur les politiques :<\/h2><p>Comparez les diff\u00e9rentes politiques d&rsquo;assurance sur le march\u00e9 pour trouver celle qui offre la meilleure couverture et les meilleures disponibles franchises pour votre entreprise.<\/p><h2>4. R\u00e9vision annuelle :<\/h2><p>Vos besoins en assurance d&rsquo;entreprise peuvent changer au fil du temps. Il est donc important de revoir votre contenu chaque ann\u00e9e pour vous assurer qu&rsquo;il r\u00e9pond \u00e0 vos besoins.<\/p><p>Enfin, l&rsquo;assurance entreprise est un investissement intelligent qui prot\u00e8ge votre entreprise des risques et des \u00e9v\u00e9nements inattendus. En souscrivant \u00e0 une assurance adapt\u00e9e \u00e0 vos besoins, vous pouvez avoir l&rsquo;esprit tranquille en sachant que votre entreprise et vos employ\u00e9s sont prot\u00e9g\u00e9s contre les al\u00e9as de la vie professionnelle<\/p>\t\t\t\t\t\t<\/div>\n\t\t\t\t<\/div>\n\t\t\t\t<div class=\"elementor-element elementor-element-4edc6f9 elementor-view-default elementor-position-top elementor-mobile-position-top elementor-widget elementor-widget-icon-box\" data-id=\"4edc6f9\" data-element_type=\"widget\" data-widget_type=\"icon-box.default\">\n\t\t\t\t<div class=\"elementor-widget-container\">\n\t\t\t\t\t<div class=\"elementor-icon-box-wrapper\">\n\n\t\t\t\t\t\t<div class=\"elementor-icon-box-icon\">\n\t\t\t\t<a href=\"https:\/\/assurancesogas.site\/index.php\/contact\/\" class=\"elementor-icon elementor-animation-\" tabindex=\"-1\">\n\t\t\t\t<svg aria-hidden=\"true\" class=\"e-font-icon-svg e-fas-phone-square-alt\" viewBox=\"0 0 448 512\" xmlns=\"http:\/\/www.w3.org\/2000\/svg\"><path d=\"M400 32H48A48 48 0 0 0 0 80v352a48 48 0 0 0 48 48h352a48 48 0 0 0 48-48V80a48 48 0 0 0-48-48zm-16.39 307.37l-15 65A15 15 0 0 1 354 416C194 416 64 286.29 64 126a15.7 15.7 0 0 1 11.63-14.61l65-15A18.23 18.23 0 0 1 144 96a16.27 16.27 0 0 1 13.79 9.09l30 70A17.9 17.9 0 0 1 189 181a17 17 0 0 1-5.5 11.61l-37.89 31a231.91 231.91 0 0 0 110.78 110.78l31-37.89A17 17 0 0 1 299 291a17.85 17.85 0 0 1 5.91 1.21l70 30A16.25 16.25 0 0 1 384 336a17.41 17.41 0 0 1-.39 3.37z\"><\/path><\/svg>\t\t\t\t<\/a>\n\t\t\t<\/div>\n\t\t\t\n\t\t\t\t\t\t<div class=\"elementor-icon-box-content\">\n\n\t\t\t\t\t\t\t\t\t<h3 class=\"elementor-icon-box-title\">\n\t\t\t\t\t\t<a href=\"https:\/\/assurancesogas.site\/index.php\/contact\/\" >\n\t\t\t\t\t\t\tcontactez-nous !\t\t\t\t\t\t<\/a>\n\t\t\t\t\t<\/h3>\n\t\t\t\t\n\t\t\t\t\t\t\t\t\t<p class=\"elementor-icon-box-description\">\n\t\t\t\t\t\tLorem ipsum dolor sit amet, consectetur adipiscing elit. Ut elit tellus, luctus nec ullamcorper mattis, pulvinar dapibus leo.\t\t\t\t\t<\/p>\n\t\t\t\t\n\t\t\t<\/div>\n\t\t\t\n\t\t<\/div>\n\t\t\t\t<\/div>\n\t\t\t\t<\/div>\n\t\t\t\t\t<\/div>\n\t\t\t\t<\/div>\n\t\t<div class=\"elementor-element elementor-element-b476761 e-flex e-con-boxed e-con e-parent\" data-id=\"b476761\" data-element_type=\"container\">\n\t\t\t\t\t<div class=\"e-con-inner\">\n\t\t\t\t<div class=\"elementor-element elementor-element-901660a elementor-align-center elementor-widget elementor-widget-button\" data-id=\"901660a\" data-element_type=\"widget\" data-widget_type=\"button.default\">\n\t\t\t\t<div class=\"elementor-widget-container\">\n\t\t\t\t\t\t\t<div class=\"elementor-button-wrapper\">\n\t\t\t\t\t<a class=\"elementor-button elementor-button-link elementor-size-sm\" href=\"https:\/\/assurancesogas.site\/index.php\/contact\/\">\n\t\t\t\t\t\t<span class=\"elementor-button-content-wrapper\">\n\t\t\t\t\t\t\t\t\t<span class=\"elementor-button-text\">Contactez nous !<\/span>\n\t\t\t\t\t<\/span>\n\t\t\t\t\t<\/a>\n\t\t\t\t<\/div>\n\t\t\t\t\t\t<\/div>\n\t\t\t\t<\/div>\n\t\t\t\t\t<\/div>\n\t\t\t\t<\/div>\n\t\t\t\t<\/div>\n\t\t","protected":false},"excerpt":{"rendered":"<p>Pro + Le bureau Assurance professionnelle : Prot\u00e9ger votre entreprise et vos employ\u00e9s Dans le monde des affaires, la s\u00e9curit\u00e9 est tr\u00e8s importante. Que vous dirigiez une petite entreprise ou une grande entreprise, vous serez confront\u00e9 \u00e0 diverses probl\u00e9matiques qui peuvent affecter votre entreprise. C&rsquo;est l\u00e0 qu&rsquo;intervient l&rsquo;assurance sp\u00e9cialis\u00e9e. En tant que propri\u00e9taire d&rsquo;entreprise, vous [&hellip;]<\/p>\n","protected":false},"author":1,"featured_media":0,"parent":0,"menu_order":0,"comment_status":"closed","ping_status":"closed","template":"","meta":{"_monsterinsights_skip_tracking":false,"_monsterinsights_sitenote_active":false,"_monsterinsights_sitenote_note":"","_monsterinsights_sitenote_category":0,"footnotes":""},"class_list":["post-814","page","type-page","status-publish","hentry"],"aioseo_notices":[],"_links":{"self":[{"href":"https:\/\/assurancesogas.site\/index.php\/wp-json\/wp\/v2\/pages\/814","targetHints":{"allow":["GET"]}}],"collection":[{"href":"https:\/\/assurancesogas.site\/index.php\/wp-json\/wp\/v2\/pages"}],"about":[{"href":"https:\/\/assurancesogas.site\/index.php\/wp-json\/wp\/v2\/types\/page"}],"author":[{"embeddable":true,"href":"https:\/\/assurancesogas.site\/index.php\/wp-json\/wp\/v2\/users\/1"}],"replies":[{"embeddable":true,"href":"https:\/\/assurancesogas.site\/index.php\/wp-json\/wp\/v2\/comments?post=814"}],"version-history":[{"count":10,"href":"https:\/\/assurancesogas.site\/index.php\/wp-json\/wp\/v2\/pages\/814\/revisions"}],"predecessor-version":[{"id":945,"href":"https:\/\/assurancesogas.site\/index.php\/wp-json\/wp\/v2\/pages\/814\/revisions\/945"}],"wp:attachment":[{"href":"https:\/\/assurancesogas.site\/index.php\/wp-json\/wp\/v2\/media?parent=814"}],"curies":[{"name":"wp","href":"https:\/\/api.w.org\/{rel}","templated":true}]}}