{"id":775,"date":"2024-04-08T14:09:57","date_gmt":"2024-04-08T14:09:57","guid":{"rendered":"https:\/\/assurancesogas.site\/?page_id=775"},"modified":"2024-04-16T17:29:34","modified_gmt":"2024-04-16T16:29:34","slug":"la-vie-education","status":"publish","type":"page","link":"https:\/\/assurancesogas.site\/index.php\/la-vie-education\/","title":{"rendered":"La vie Education"},"content":{"rendered":"\t\t<div data-elementor-type=\"wp-page\" data-elementor-id=\"775\" class=\"elementor elementor-775\" data-elementor-post-type=\"page\">\n\t\t\t\t<div class=\"elementor-element elementor-element-ebe0a05 e-flex e-con-boxed e-con e-parent\" data-id=\"ebe0a05\" data-element_type=\"container\">\n\t\t\t\t\t<div class=\"e-con-inner\">\n\t\t\t\t<div class=\"elementor-element elementor-element-fd44f65 elementor-widget elementor-widget-image\" data-id=\"fd44f65\" data-element_type=\"widget\" data-widget_type=\"image.default\">\n\t\t\t\t<div class=\"elementor-widget-container\">\n\t\t\t\t\t\t\t\t\t\t\t\t\t<img fetchpriority=\"high\" decoding=\"async\" width=\"735\" height=\"386\" src=\"https:\/\/assurancesogas.site\/wp-content\/uploads\/2024\/04\/5-PPC-Certification-Course-Options-For-Digital-Marketers-1.jpeg\" class=\"attachment-large size-large wp-image-1055\" alt=\"\" srcset=\"https:\/\/assurancesogas.site\/wp-content\/uploads\/2024\/04\/5-PPC-Certification-Course-Options-For-Digital-Marketers-1.jpeg 735w, https:\/\/assurancesogas.site\/wp-content\/uploads\/2024\/04\/5-PPC-Certification-Course-Options-For-Digital-Marketers-1-300x158.jpeg 300w\" sizes=\"(max-width: 735px) 100vw, 735px\" \/>\t\t\t\t\t\t\t\t\t\t\t\t\t<\/div>\n\t\t\t\t<\/div>\n\t\t\t\t<div class=\"elementor-element elementor-element-a99243e elementor-widget elementor-widget-heading\" data-id=\"a99243e\" data-element_type=\"widget\" data-widget_type=\"heading.default\">\n\t\t\t\t<div class=\"elementor-widget-container\">\n\t\t\t<h2 class=\"elementor-heading-title elementor-size-default\">LA VIE EDUCATION<\/h2>\t\t<\/div>\n\t\t\t\t<\/div>\n\t\t\t\t<div class=\"elementor-element elementor-element-097860d elementor-widget elementor-widget-text-editor\" data-id=\"097860d\" data-element_type=\"widget\" data-widget_type=\"text-editor.default\">\n\t\t\t\t<div class=\"elementor-widget-container\">\n\t\t\t\t\t\t\t<h1>Assurance Vie \u00c9ducation : Investissez dans l&rsquo;Avenir Scolaire de vos Enfants<\/h1><p>L&rsquo;\u00e9ducation est l&rsquo;un des piliers fondamentaux pour assurer un avenir prometteur \u00e0 nos enfants. Cependant, les frais li\u00e9s \u00e0 l&rsquo;\u00e9ducation peuvent repr\u00e9senter une charge financi\u00e8re importante pour de nombreuses familles. Pour garantir que vos enfants puissent acc\u00e9der \u00e0 une \u00e9ducation de qualit\u00e9 sans compromettre vos finances, l&rsquo;assurance vie \u00e9ducation se pr\u00e9sente comme une solution efficace. D\u00e9couvrez dans cet article tout ce que vous devez savoir sur l&rsquo;assurance vie \u00e9ducation, ainsi que les r\u00e9ponses \u00e0 quelques questions fr\u00e9quemment pos\u00e9es.<\/p><h2>\u00a0Pourquoi souscrire une assurance vie \u00e9ducation ?<\/h2><p>L&rsquo;assurance vie \u00e9ducation offre plusieurs avantages significatifs pour les parents et leurs enfants :<\/p><h3>1.Financement des \u00e9tudes :<\/h3><p>En souscrivant une assurance vie \u00e9ducation, vous pouvez constituer progressivement un capital qui sera utilis\u00e9 pour financer les \u00e9tudes de vos enfants, que ce soit \u00e0 l&rsquo;\u00e9cole primaire, au coll\u00e8ge, au lyc\u00e9e ou \u00e0 l&rsquo;universit\u00e9.<\/p><h3>2. S\u00e9curit\u00e9 financi\u00e8re :<\/h3><p>Cette assurance garantit que vos enfants auront acc\u00e8s \u00e0 une \u00e9ducation de qualit\u00e9, quelles que soient les circonstances financi\u00e8res de la famille, en assurant la continuit\u00e9 de leurs \u00e9tudes m\u00eame en cas de d\u00e9c\u00e8s ou d&rsquo;invalidit\u00e9 du parent payeur.<\/p><h3>3. Flexibilit\u00e9 des versements :<\/h3><p>Vous avez la possibilit\u00e9 de choisir la fr\u00e9quence et le montant des cotisations que vous souhaitez verser \u00e0 votre assurance vie \u00e9ducation, en fonction de vos capacit\u00e9s financi\u00e8res et des besoins \u00e9ducatifs de vos enfants.<\/p><h3>4. Protection des b\u00e9n\u00e9ficiaires :<\/h3><p>En cas de d\u00e9c\u00e8s du parent payeur, l&rsquo;assurance vie \u00e9ducation garantit que les fonds n\u00e9cessaires pour financer les \u00e9tudes des enfants seront disponibles, assurant ainsi leur avenir \u00e9ducatif.<\/p><p>\u00a0sur l&rsquo;assurance vie \u00e9ducation :<\/p><h4>Quels sont les \u00e9v\u00e9nements couverts par l&rsquo;assurance vie \u00e9ducation ?<\/h4><p>L&rsquo;assurance vie \u00e9ducation couvre g\u00e9n\u00e9ralement les frais li\u00e9s \u00e0 l&rsquo;\u00e9ducation des enfants en cas de d\u00e9c\u00e8s, d&rsquo;invalidit\u00e9 ou de perte d&#8217;emploi du parent payeur, ainsi que d&rsquo;autres \u00e9v\u00e9nements sp\u00e9cifi\u00e9s dans la police d&rsquo;assurance.<\/p><h4>\u00a0\u00c0 quel \u00e2ge mes enfants peuvent-ils b\u00e9n\u00e9ficier de l&rsquo;assurance vie \u00e9ducation ?<\/h4><p>Les enfants peuvent b\u00e9n\u00e9ficier de l&rsquo;assurance vie \u00e9ducation d\u00e8s leur entr\u00e9e \u00e0 l&rsquo;\u00e9cole primaire et jusqu&rsquo;\u00e0 la fin de leurs \u00e9tudes secondaires ou universitaires.<\/p><h4>\u00a0Comment puis-je utiliser les fonds accumul\u00e9s dans l&rsquo;assurance vie \u00e9ducation ?<\/h4><p>Les fonds accumul\u00e9s dans l&rsquo;assurance vie \u00e9ducation peuvent \u00eatre utilis\u00e9s pour couvrir une vari\u00e9t\u00e9 de d\u00e9penses li\u00e9es \u00e0 l&rsquo;\u00e9ducation, y compris les frais de scolarit\u00e9, les livres, le mat\u00e9riel scolaire, les frais de transport, et d&rsquo;autres frais \u00e9ducatifs.<\/p><h4>Comment choisir la meilleure assurance vie \u00e9ducation pour mes enfants ?<\/h4><p>Il est recommand\u00e9 de comparer les diff\u00e9rentes options d&rsquo;assurance vie \u00e9ducation disponibles sur le march\u00e9 en fonction de crit\u00e8res tels que les garanties offertes, les frais associ\u00e9s, la solidit\u00e9 financi\u00e8re de l&rsquo;assureur, et les besoins \u00e9ducatifs sp\u00e9cifiques de vos enfants.<\/p><h2>Conclusion<\/h2><p>L&rsquo;assurance vie \u00e9ducation est un outil pr\u00e9cieux pour garantir l&rsquo;avenir \u00e9ducatif de vos enfants en assurant le financement de leurs \u00e9tudes. En investissant dans cette assurance, vous pouvez offrir \u00e0 vos enfants la possibilit\u00e9 d&rsquo;acc\u00e9der \u00e0 une \u00e9ducation de qualit\u00e9, quelle que soit votre situation financi\u00e8re. N&rsquo;h\u00e9sitez pas \u00e0 explorer les diff\u00e9rentes options d&rsquo;assurance vie \u00e9ducation disponibles et \u00e0 choisir celle qui correspond le mieux aux besoins \u00e9ducatifs de vos enfants.<\/p>\t\t\t\t\t\t<\/div>\n\t\t\t\t<\/div>\n\t\t\t\t\t<\/div>\n\t\t\t\t<\/div>\n\t\t<div class=\"elementor-element elementor-element-611282c e-flex e-con-boxed e-con e-parent\" data-id=\"611282c\" data-element_type=\"container\">\n\t\t\t\t\t<div class=\"e-con-inner\">\n\t\t\t\t<div class=\"elementor-element elementor-element-f03d74b elementor-view-default elementor-position-top elementor-mobile-position-top elementor-widget elementor-widget-icon-box\" data-id=\"f03d74b\" data-element_type=\"widget\" data-widget_type=\"icon-box.default\">\n\t\t\t\t<div class=\"elementor-widget-container\">\n\t\t\t\t\t<div class=\"elementor-icon-box-wrapper\">\n\n\t\t\t\t\t\t<div class=\"elementor-icon-box-icon\">\n\t\t\t\t<a href=\"https:\/\/assurancesogas.site\/index.php\/contact\/\" class=\"elementor-icon elementor-animation-\" tabindex=\"-1\">\n\t\t\t\t<svg aria-hidden=\"true\" class=\"e-font-icon-svg e-fas-phone-square-alt\" viewBox=\"0 0 448 512\" xmlns=\"http:\/\/www.w3.org\/2000\/svg\"><path d=\"M400 32H48A48 48 0 0 0 0 80v352a48 48 0 0 0 48 48h352a48 48 0 0 0 48-48V80a48 48 0 0 0-48-48zm-16.39 307.37l-15 65A15 15 0 0 1 354 416C194 416 64 286.29 64 126a15.7 15.7 0 0 1 11.63-14.61l65-15A18.23 18.23 0 0 1 144 96a16.27 16.27 0 0 1 13.79 9.09l30 70A17.9 17.9 0 0 1 189 181a17 17 0 0 1-5.5 11.61l-37.89 31a231.91 231.91 0 0 0 110.78 110.78l31-37.89A17 17 0 0 1 299 291a17.85 17.85 0 0 1 5.91 1.21l70 30A16.25 16.25 0 0 1 384 336a17.41 17.41 0 0 1-.39 3.37z\"><\/path><\/svg>\t\t\t\t<\/a>\n\t\t\t<\/div>\n\t\t\t\n\t\t\t\t\t\t<div class=\"elementor-icon-box-content\">\n\n\t\t\t\t\t\t\t\t\t<h3 class=\"elementor-icon-box-title\">\n\t\t\t\t\t\t<a href=\"https:\/\/assurancesogas.site\/index.php\/contact\/\" >\n\t\t\t\t\t\t\tcontactez-nous !\t\t\t\t\t\t<\/a>\n\t\t\t\t\t<\/h3>\n\t\t\t\t\n\t\t\t\t\t\t\t\t\t<p class=\"elementor-icon-box-description\">\n\t\t\t\t\t\tLorem ipsum dolor sit amet, consectetur adipiscing elit. Ut elit tellus, luctus nec ullamcorper mattis, pulvinar dapibus leo.\t\t\t\t\t<\/p>\n\t\t\t\t\n\t\t\t<\/div>\n\t\t\t\n\t\t<\/div>\n\t\t\t\t<\/div>\n\t\t\t\t<\/div>\n\t\t\t\t<div class=\"elementor-element elementor-element-ec6a487 elementor-align-center elementor-widget elementor-widget-button\" data-id=\"ec6a487\" data-element_type=\"widget\" data-widget_type=\"button.default\">\n\t\t\t\t<div class=\"elementor-widget-container\">\n\t\t\t\t\t\t\t<div class=\"elementor-button-wrapper\">\n\t\t\t\t\t<a class=\"elementor-button elementor-button-link elementor-size-sm\" href=\"https:\/\/assurancesogas.site\/index.php\/contact\/\">\n\t\t\t\t\t\t<span class=\"elementor-button-content-wrapper\">\n\t\t\t\t\t\t\t\t\t<span class=\"elementor-button-text\">contactez-nous !<\/span>\n\t\t\t\t\t<\/span>\n\t\t\t\t\t<\/a>\n\t\t\t\t<\/div>\n\t\t\t\t\t\t<\/div>\n\t\t\t\t<\/div>\n\t\t\t\t\t<\/div>\n\t\t\t\t<\/div>\n\t\t\t\t<\/div>\n\t\t","protected":false},"excerpt":{"rendered":"<p>LA VIE EDUCATION Assurance Vie \u00c9ducation : Investissez dans l&rsquo;Avenir Scolaire de vos Enfants L&rsquo;\u00e9ducation est l&rsquo;un des piliers fondamentaux pour assurer un avenir prometteur \u00e0 nos enfants. Cependant, les frais li\u00e9s \u00e0 l&rsquo;\u00e9ducation peuvent repr\u00e9senter une charge financi\u00e8re importante pour de nombreuses familles. Pour garantir que vos enfants puissent acc\u00e9der \u00e0 une \u00e9ducation de [&hellip;]<\/p>\n","protected":false},"author":1,"featured_media":0,"parent":0,"menu_order":0,"comment_status":"closed","ping_status":"closed","template":"","meta":{"_monsterinsights_skip_tracking":false,"_monsterinsights_sitenote_active":false,"_monsterinsights_sitenote_note":"","_monsterinsights_sitenote_category":0,"footnotes":""},"class_list":["post-775","page","type-page","status-publish","hentry"],"aioseo_notices":[],"_links":{"self":[{"href":"https:\/\/assurancesogas.site\/index.php\/wp-json\/wp\/v2\/pages\/775","targetHints":{"allow":["GET"]}}],"collection":[{"href":"https:\/\/assurancesogas.site\/index.php\/wp-json\/wp\/v2\/pages"}],"about":[{"href":"https:\/\/assurancesogas.site\/index.php\/wp-json\/wp\/v2\/types\/page"}],"author":[{"embeddable":true,"href":"https:\/\/assurancesogas.site\/index.php\/wp-json\/wp\/v2\/users\/1"}],"replies":[{"embeddable":true,"href":"https:\/\/assurancesogas.site\/index.php\/wp-json\/wp\/v2\/comments?post=775"}],"version-history":[{"count":4,"href":"https:\/\/assurancesogas.site\/index.php\/wp-json\/wp\/v2\/pages\/775\/revisions"}],"predecessor-version":[{"id":1061,"href":"https:\/\/assurancesogas.site\/index.php\/wp-json\/wp\/v2\/pages\/775\/revisions\/1061"}],"wp:attachment":[{"href":"https:\/\/assurancesogas.site\/index.php\/wp-json\/wp\/v2\/media?parent=775"}],"curies":[{"name":"wp","href":"https:\/\/api.w.org\/{rel}","templated":true}]}}