{"id":767,"date":"2024-04-08T13:59:49","date_gmt":"2024-04-08T13:59:49","guid":{"rendered":"https:\/\/assurancesogas.site\/?page_id=767"},"modified":"2024-04-18T16:58:55","modified_gmt":"2024-04-18T15:58:55","slug":"assurance-maladie-complementaire","status":"publish","type":"page","link":"https:\/\/assurancesogas.site\/index.php\/assurance-maladie-complementaire\/","title":{"rendered":"Assurance maladie compl\u00e9mentaire"},"content":{"rendered":"\t\t<div data-elementor-type=\"wp-page\" data-elementor-id=\"767\" class=\"elementor elementor-767\" data-elementor-post-type=\"page\">\n\t\t\t\t<div class=\"elementor-element elementor-element-c4f8584 e-flex e-con-boxed e-con e-parent\" data-id=\"c4f8584\" data-element_type=\"container\">\n\t\t\t\t\t<div class=\"e-con-inner\">\n\t\t\t\t<div class=\"elementor-element elementor-element-ea0d196 elementor-widget elementor-widget-image\" data-id=\"ea0d196\" data-element_type=\"widget\" data-widget_type=\"image.default\">\n\t\t\t\t<div class=\"elementor-widget-container\">\n\t\t\t\t\t\t\t\t\t\t\t\t\t<img fetchpriority=\"high\" decoding=\"async\" width=\"746\" height=\"380\" src=\"https:\/\/assurancesogas.site\/wp-content\/uploads\/2024\/04\/assurance-maladie-1.jpg\" class=\"attachment-large size-large wp-image-958\" alt=\"\" srcset=\"https:\/\/assurancesogas.site\/wp-content\/uploads\/2024\/04\/assurance-maladie-1.jpg 746w, https:\/\/assurancesogas.site\/wp-content\/uploads\/2024\/04\/assurance-maladie-1-300x153.jpg 300w\" sizes=\"(max-width: 746px) 100vw, 746px\" \/>\t\t\t\t\t\t\t\t\t\t\t\t\t<\/div>\n\t\t\t\t<\/div>\n\t\t\t\t\t<\/div>\n\t\t\t\t<\/div>\n\t\t<div class=\"elementor-element elementor-element-4d06169 e-flex e-con-boxed e-con e-parent\" data-id=\"4d06169\" data-element_type=\"container\">\n\t\t\t\t\t<div class=\"e-con-inner\">\n\t\t\t\t<div class=\"elementor-element elementor-element-36a4145 elementor-widget elementor-widget-heading\" data-id=\"36a4145\" data-element_type=\"widget\" data-widget_type=\"heading.default\">\n\t\t\t\t<div class=\"elementor-widget-container\">\n\t\t\t<h2 class=\"elementor-heading-title elementor-size-default\">ASSURANCE MALADIE COMPL\u00c9MENTAIRE<\/h2>\t\t<\/div>\n\t\t\t\t<\/div>\n\t\t\t\t\t<\/div>\n\t\t\t\t<\/div>\n\t\t<div class=\"elementor-element elementor-element-d98230a e-flex e-con-boxed e-con e-parent\" data-id=\"d98230a\" data-element_type=\"container\">\n\t\t\t\t\t<div class=\"e-con-inner\">\n\t\t\t\t<div class=\"elementor-element elementor-element-e897b9e elementor-widget elementor-widget-text-editor\" data-id=\"e897b9e\" data-element_type=\"widget\" data-widget_type=\"text-editor.default\">\n\t\t\t\t<div class=\"elementor-widget-container\">\n\t\t\t\t\t\t\t<div><p>L\u2019Assurance Maladie Compl\u00e9mentaire Individuelle (AMC) a pour objet de garantir \u00e0 l\u2019Assur\u00e9 le paiement d\u2019un compl\u00e9ment de remboursement pour la partie des frais de sant\u00e9 exc\u00e9dant le montant des prestations pr\u00e9vu par le contrat de base d\u2019Assurance Maladie Obligatoire (AMO). Cette prestation est r\u00e9serv\u00e9e aux Assur\u00e9s affili\u00e9s au r\u00e9gime de base de l\u2019Assurance Maladie Obligatoire de la Caisse Nationale de S\u00e9curit\u00e9 Sociale (CNSS).<\/p><p>L\u2019offre AMC pr\u00e9voit \u00e9galement le versement aux b\u00e9n\u00e9ficiaires d\u00e9sign\u00e9s au contrat, en cas de d\u00e9c\u00e8s Toutes Causes ou d\u2019Invalidit\u00e9 Absolue et D\u00e9finitive de l\u2019Assur\u00e9, du capital assur\u00e9 choisi \u00e0 la souscription.<\/p><p><span style=\"text-decoration: underline;\">A QUI S\u2019ADRESSE L\u2019OFFRE AMC<\/span><\/p><p>L\u2019offre AMC Individuelle est une offre qui s\u2019adresse aux Particuliers souhaitant b\u00e9n\u00e9ficier d\u2019une couverture compl\u00e9mentaire \u00e0 leur assurance maladie de base ; notamment :<\/p><ul><li>\u00a0Agence de voyage<\/li><li>\u00a0Architecte<\/li><li>\u00a0Comptable agr\u00e9e<\/li><li>\u00a0Di\u00e9t\u00e9ticien<\/li><li>\u00a0Expert-comptable<\/li><li>\u00a0G\u00e9om\u00e8tre-Topographe<\/li><li>\u00a0Interm\u00e9diaire d\u2019assurance<\/li><li>\u00a0Kin\u00e9sith\u00e9rapeute<\/li><li>\u00a0M\u00e9decin<\/li><li>\u00a0M\u00e9decin dentiste<\/li><li>\u00a0Orthophoniste<\/li><li>\u00a0Orthoptiste<\/li><li>\u00a0Pharmacien<\/li><li>\u00a0Psychologue<\/li><li>\u00a0Psychomotricien<\/li><li>\u00a0Salari\u00e9s du secteur priv\u00e9<\/li><li>\u00a0Retrait\u00e9s du secteur priv\u00e9<\/li><li>\u00a0Huissiers de justice<\/li><li>\u00a0Auto-entrepreneurs<\/li><li>\u00a0Chauffeurs de taxi<\/li><li>\u00a0Artisans-Commer\u00e7ants<\/li><li>\u00a0Artistes<\/li><\/ul><h3>La couverture est destin\u00e9e aux Assur\u00e9s\u00a0:<\/h3><p>Ayant leur r\u00e9sidence permanente au Maroc (minimum 190 jours par an) ;<\/p><ul><li>\u00a0Expatri\u00e9s r\u00e9sidant au Maroc.<\/li><\/ul><p>L\u2019offre AMC couvre l\u2019Assur\u00e9, son\/ses conjoint(s) et les enfants c\u00e9libataires \u00e0 la charge de l\u2019Assur\u00e9.<\/p><p><strong>GARANTIES<\/strong><\/p><ul><li>\u00a0Soins m\u00e9dicaux : les consultations, les visites m\u00e9dicales, les traitements sp\u00e9ciaux et les actes de pratique m\u00e9dicale courante effectu\u00e9s par un m\u00e9decin ou un auxiliaire..<\/li><li>\u00a0Frais pharmaceutiques : les frais d\u2019achat des m\u00e9dicaments et pr\u00e9parations magistrales prescrites par ordonnance. .<\/li><li>\u00a0Hospitalisations : les hospitalisations m\u00e9dicales et chirurgicales en clinique, en polyclinique de la CNSS et en Centre Hospitalier Universitaire (CHU)..<\/li><li>\u00a0Maternit\u00e9 : les accouchements simples, g\u00e9mellaires ou par c\u00e9sarienne, les fausses couches accidentelles, les frais de couveuse et les frais pr\u00e9 et post natals.<\/li><\/ul><p>\u00a0Dentaire : les frais li\u00e9s aux soins dentaires, aux proth\u00e8ses dentaires ainsi que les frais d\u2019Orthop\u00e9die Dento-Facile (ODF).<\/p><ul><li>\u00a0Optique : les montures et les verres avec r\u00e9f\u00e9rence au Tarif des Opticiens et Lunetiers au Maroc..<\/li><li>\u00a0Prestations diverses : les cures thermales, les frais de transport \u00e0 l\u2019int\u00e9rieur du Maroc, les appareils orthop\u00e9diques et de proth\u00e8ses y compris les appareils auditifs, le Pr\u00e9ventorium et le Sanatorium..<\/li><li>\u00a0D\u00e9c\u00e8s Toutes Causes ou Invalidit\u00e9 Absolue et D\u00e9finitive : dans le cas o\u00f9 elle est souscrite dans les Conditions Particuli\u00e8res, cette garantie a pour objet le paiement au(x) b\u00e9n\u00e9ficiaire(s) d\u00e9sign\u00e9e(s) d\u2019un capital en cas de d\u00e9c\u00e8s toutes causes ou d\u2019Invalidit\u00e9 Absolue et D\u00e9finitive de l\u2019Assur\u00e9.<\/li><\/ul><\/div><div class=\"yj6qo\">\u00a0<\/div><div class=\"adL\">\u00a0<\/div>\t\t\t\t\t\t<\/div>\n\t\t\t\t<\/div>\n\t\t\t\t\t<\/div>\n\t\t\t\t<\/div>\n\t\t<div class=\"elementor-element elementor-element-5f1c970 e-flex e-con-boxed e-con e-parent\" data-id=\"5f1c970\" data-element_type=\"container\">\n\t\t\t\t\t<div class=\"e-con-inner\">\n\t\t\t\t<div class=\"elementor-element elementor-element-15998fb elementor-view-default elementor-position-top elementor-mobile-position-top elementor-widget elementor-widget-icon-box\" data-id=\"15998fb\" data-element_type=\"widget\" data-widget_type=\"icon-box.default\">\n\t\t\t\t<div class=\"elementor-widget-container\">\n\t\t\t\t\t<div class=\"elementor-icon-box-wrapper\">\n\n\t\t\t\t\t\t<div class=\"elementor-icon-box-icon\">\n\t\t\t\t<a href=\"https:\/\/assurancesogas.site\/index.php\/contact\/\" class=\"elementor-icon elementor-animation-\" tabindex=\"-1\">\n\t\t\t\t<svg aria-hidden=\"true\" class=\"e-font-icon-svg e-fas-phone-square-alt\" viewBox=\"0 0 448 512\" xmlns=\"http:\/\/www.w3.org\/2000\/svg\"><path d=\"M400 32H48A48 48 0 0 0 0 80v352a48 48 0 0 0 48 48h352a48 48 0 0 0 48-48V80a48 48 0 0 0-48-48zm-16.39 307.37l-15 65A15 15 0 0 1 354 416C194 416 64 286.29 64 126a15.7 15.7 0 0 1 11.63-14.61l65-15A18.23 18.23 0 0 1 144 96a16.27 16.27 0 0 1 13.79 9.09l30 70A17.9 17.9 0 0 1 189 181a17 17 0 0 1-5.5 11.61l-37.89 31a231.91 231.91 0 0 0 110.78 110.78l31-37.89A17 17 0 0 1 299 291a17.85 17.85 0 0 1 5.91 1.21l70 30A16.25 16.25 0 0 1 384 336a17.41 17.41 0 0 1-.39 3.37z\"><\/path><\/svg>\t\t\t\t<\/a>\n\t\t\t<\/div>\n\t\t\t\n\t\t\t\t\t\t<div class=\"elementor-icon-box-content\">\n\n\t\t\t\t\t\t\t\t\t<h3 class=\"elementor-icon-box-title\">\n\t\t\t\t\t\t<a href=\"https:\/\/assurancesogas.site\/index.php\/contact\/\" >\n\t\t\t\t\t\t\tcontactez-nous !\t\t\t\t\t\t<\/a>\n\t\t\t\t\t<\/h3>\n\t\t\t\t\n\t\t\t\t\t\t\t\t\t<p class=\"elementor-icon-box-description\">\n\t\t\t\t\t\tLorem ipsum dolor sit amet, consectetur adipiscing elit. Ut elit tellus, luctus nec ullamcorper mattis, pulvinar dapibus leo.\t\t\t\t\t<\/p>\n\t\t\t\t\n\t\t\t<\/div>\n\t\t\t\n\t\t<\/div>\n\t\t\t\t<\/div>\n\t\t\t\t<\/div>\n\t\t\t\t\t<\/div>\n\t\t\t\t<\/div>\n\t\t<div class=\"elementor-element elementor-element-ed63802 e-flex e-con-boxed e-con e-parent\" data-id=\"ed63802\" data-element_type=\"container\">\n\t\t\t\t\t<div class=\"e-con-inner\">\n\t\t\t\t<div class=\"elementor-element elementor-element-57f82fc elementor-align-center elementor-widget elementor-widget-button\" data-id=\"57f82fc\" data-element_type=\"widget\" data-widget_type=\"button.default\">\n\t\t\t\t<div class=\"elementor-widget-container\">\n\t\t\t\t\t\t\t<div class=\"elementor-button-wrapper\">\n\t\t\t\t\t<a class=\"elementor-button elementor-button-link elementor-size-sm\" href=\"https:\/\/assurancesogas.site\/index.php\/contact\/\">\n\t\t\t\t\t\t<span class=\"elementor-button-content-wrapper\">\n\t\t\t\t\t\t\t\t\t<span class=\"elementor-button-text\">contactez-nous !<\/span>\n\t\t\t\t\t<\/span>\n\t\t\t\t\t<\/a>\n\t\t\t\t<\/div>\n\t\t\t\t\t\t<\/div>\n\t\t\t\t<\/div>\n\t\t\t\t\t<\/div>\n\t\t\t\t<\/div>\n\t\t\t\t<\/div>\n\t\t","protected":false},"excerpt":{"rendered":"<p>ASSURANCE MALADIE COMPL\u00c9MENTAIRE L\u2019Assurance Maladie Compl\u00e9mentaire Individuelle (AMC) a pour objet de garantir \u00e0 l\u2019Assur\u00e9 le paiement d\u2019un compl\u00e9ment de remboursement pour la partie des frais de sant\u00e9 exc\u00e9dant le montant des prestations pr\u00e9vu par le contrat de base d\u2019Assurance Maladie Obligatoire (AMO). Cette prestation est r\u00e9serv\u00e9e aux Assur\u00e9s affili\u00e9s au r\u00e9gime de base de [&hellip;]<\/p>\n","protected":false},"author":1,"featured_media":0,"parent":0,"menu_order":0,"comment_status":"closed","ping_status":"closed","template":"elementor_header_footer","meta":{"_monsterinsights_skip_tracking":false,"_monsterinsights_sitenote_active":false,"_monsterinsights_sitenote_note":"","_monsterinsights_sitenote_category":0,"footnotes":""},"class_list":["post-767","page","type-page","status-publish","hentry"],"aioseo_notices":[],"_links":{"self":[{"href":"https:\/\/assurancesogas.site\/index.php\/wp-json\/wp\/v2\/pages\/767","targetHints":{"allow":["GET"]}}],"collection":[{"href":"https:\/\/assurancesogas.site\/index.php\/wp-json\/wp\/v2\/pages"}],"about":[{"href":"https:\/\/assurancesogas.site\/index.php\/wp-json\/wp\/v2\/types\/page"}],"author":[{"embeddable":true,"href":"https:\/\/assurancesogas.site\/index.php\/wp-json\/wp\/v2\/users\/1"}],"replies":[{"embeddable":true,"href":"https:\/\/assurancesogas.site\/index.php\/wp-json\/wp\/v2\/comments?post=767"}],"version-history":[{"count":10,"href":"https:\/\/assurancesogas.site\/index.php\/wp-json\/wp\/v2\/pages\/767\/revisions"}],"predecessor-version":[{"id":1033,"href":"https:\/\/assurancesogas.site\/index.php\/wp-json\/wp\/v2\/pages\/767\/revisions\/1033"}],"wp:attachment":[{"href":"https:\/\/assurancesogas.site\/index.php\/wp-json\/wp\/v2\/media?parent=767"}],"curies":[{"name":"wp","href":"https:\/\/api.w.org\/{rel}","templated":true}]}}