{"id":736,"date":"2024-04-08T13:39:04","date_gmt":"2024-04-08T13:39:04","guid":{"rendered":"https:\/\/assurancesogas.site\/?page_id=736"},"modified":"2024-04-22T21:18:04","modified_gmt":"2024-04-22T20:18:04","slug":"assurance-moto-sogas","status":"publish","type":"page","link":"https:\/\/assurancesogas.site\/index.php\/assurance-moto-sogas\/","title":{"rendered":"Assurance moto"},"content":{"rendered":"\t\t<div data-elementor-type=\"wp-page\" data-elementor-id=\"736\" class=\"elementor elementor-736\" data-elementor-post-type=\"page\">\n\t\t\t\t<div class=\"elementor-element elementor-element-0e953cc e-flex e-con-boxed e-con e-parent\" data-id=\"0e953cc\" data-element_type=\"container\">\n\t\t\t\t\t<div class=\"e-con-inner\">\n\t\t\t\t<div class=\"elementor-element elementor-element-a61ea37 e-grid-align-left elementor-shape-rounded elementor-grid-0 elementor-widget elementor-widget-social-icons\" data-id=\"a61ea37\" data-element_type=\"widget\" data-widget_type=\"social-icons.default\">\n\t\t\t\t<div class=\"elementor-widget-container\">\n\t\t\t\t\t<div class=\"elementor-social-icons-wrapper elementor-grid\">\n\t\t\t\t\t\t\t<span class=\"elementor-grid-item\">\n\t\t\t\t\t<a class=\"elementor-icon elementor-social-icon elementor-social-icon-facebook elementor-repeater-item-9059944\" href=\"https:\/\/www.facebook.com\/profile.php?id=100093243506889&#038;locale=fr_FR\" target=\"_blank\" rel=\"noopener\">\n\t\t\t\t\t\t<span class=\"elementor-screen-only\">Facebook<\/span>\n\t\t\t\t\t\t<svg class=\"e-font-icon-svg e-fab-facebook\" viewBox=\"0 0 512 512\" xmlns=\"http:\/\/www.w3.org\/2000\/svg\"><path d=\"M504 256C504 119 393 8 256 8S8 119 8 256c0 123.78 90.69 226.38 209.25 245V327.69h-63V256h63v-54.64c0-62.15 37-96.48 93.67-96.48 27.14 0 55.52 4.84 55.52 4.84v61h-31.28c-30.8 0-40.41 19.12-40.41 38.73V256h68.78l-11 71.69h-57.78V501C413.31 482.38 504 379.78 504 256z\"><\/path><\/svg>\t\t\t\t\t<\/a>\n\t\t\t\t<\/span>\n\t\t\t\t\t\t\t<span class=\"elementor-grid-item\">\n\t\t\t\t\t<a class=\"elementor-icon elementor-social-icon elementor-social-icon-twitter elementor-repeater-item-58a92cd\" target=\"_blank\">\n\t\t\t\t\t\t<span class=\"elementor-screen-only\">Twitter<\/span>\n\t\t\t\t\t\t<svg class=\"e-font-icon-svg e-fab-twitter\" viewBox=\"0 0 512 512\" xmlns=\"http:\/\/www.w3.org\/2000\/svg\"><path d=\"M459.37 151.716c.325 4.548.325 9.097.325 13.645 0 138.72-105.583 298.558-298.558 298.558-59.452 0-114.68-17.219-161.137-47.106 8.447.974 16.568 1.299 25.34 1.299 49.055 0 94.213-16.568 130.274-44.832-46.132-.975-84.792-31.188-98.112-72.772 6.498.974 12.995 1.624 19.818 1.624 9.421 0 18.843-1.3 27.614-3.573-48.081-9.747-84.143-51.98-84.143-102.985v-1.299c13.969 7.797 30.214 12.67 47.431 13.319-28.264-18.843-46.781-51.005-46.781-87.391 0-19.492 5.197-37.36 14.294-52.954 51.655 63.675 129.3 105.258 216.365 109.807-1.624-7.797-2.599-15.918-2.599-24.04 0-57.828 46.782-104.934 104.934-104.934 30.213 0 57.502 12.67 76.67 33.137 23.715-4.548 46.456-13.32 66.599-25.34-7.798 24.366-24.366 44.833-46.132 57.827 21.117-2.273 41.584-8.122 60.426-16.243-14.292 20.791-32.161 39.308-52.628 54.253z\"><\/path><\/svg>\t\t\t\t\t<\/a>\n\t\t\t\t<\/span>\n\t\t\t\t\t\t\t<span class=\"elementor-grid-item\">\n\t\t\t\t\t<a class=\"elementor-icon elementor-social-icon elementor-social-icon-instagram elementor-repeater-item-2ef59d9\" href=\"https:\/\/www.instagram.com\/sogasassurance?utm_source=ig_web_button_share_sheet&#038;igsh=ZDNlZDc0MzIxNw==\" target=\"_blank\" rel=\"noopener\">\n\t\t\t\t\t\t<span class=\"elementor-screen-only\">Instagram<\/span>\n\t\t\t\t\t\t<svg class=\"e-font-icon-svg e-fab-instagram\" viewBox=\"0 0 448 512\" xmlns=\"http:\/\/www.w3.org\/2000\/svg\"><path d=\"M224.1 141c-63.6 0-114.9 51.3-114.9 114.9s51.3 114.9 114.9 114.9S339 319.5 339 255.9 287.7 141 224.1 141zm0 189.6c-41.1 0-74.7-33.5-74.7-74.7s33.5-74.7 74.7-74.7 74.7 33.5 74.7 74.7-33.6 74.7-74.7 74.7zm146.4-194.3c0 14.9-12 26.8-26.8 26.8-14.9 0-26.8-12-26.8-26.8s12-26.8 26.8-26.8 26.8 12 26.8 26.8zm76.1 27.2c-1.7-35.9-9.9-67.7-36.2-93.9-26.2-26.2-58-34.4-93.9-36.2-37-2.1-147.9-2.1-184.9 0-35.8 1.7-67.6 9.9-93.9 36.1s-34.4 58-36.2 93.9c-2.1 37-2.1 147.9 0 184.9 1.7 35.9 9.9 67.7 36.2 93.9s58 34.4 93.9 36.2c37 2.1 147.9 2.1 184.9 0 35.9-1.7 67.7-9.9 93.9-36.2 26.2-26.2 34.4-58 36.2-93.9 2.1-37 2.1-147.8 0-184.8zM398.8 388c-7.8 19.6-22.9 34.7-42.6 42.6-29.5 11.7-99.5 9-132.1 9s-102.7 2.6-132.1-9c-19.6-7.8-34.7-22.9-42.6-42.6-11.7-29.5-9-99.5-9-132.1s-2.6-102.7 9-132.1c7.8-19.6 22.9-34.7 42.6-42.6 29.5-11.7 99.5-9 132.1-9s102.7-2.6 132.1 9c19.6 7.8 34.7 22.9 42.6 42.6 11.7 29.5 9 99.5 9 132.1s2.7 102.7-9 132.1z\"><\/path><\/svg>\t\t\t\t\t<\/a>\n\t\t\t\t<\/span>\n\t\t\t\t\t\t\t<span class=\"elementor-grid-item\">\n\t\t\t\t\t<a class=\"elementor-icon elementor-social-icon elementor-social-icon-linkedin elementor-repeater-item-8b2153f\" target=\"_blank\">\n\t\t\t\t\t\t<span class=\"elementor-screen-only\">Linkedin<\/span>\n\t\t\t\t\t\t<svg class=\"e-font-icon-svg e-fab-linkedin\" viewBox=\"0 0 448 512\" xmlns=\"http:\/\/www.w3.org\/2000\/svg\"><path d=\"M416 32H31.9C14.3 32 0 46.5 0 64.3v383.4C0 465.5 14.3 480 31.9 480H416c17.6 0 32-14.5 32-32.3V64.3c0-17.8-14.4-32.3-32-32.3zM135.4 416H69V202.2h66.5V416zm-33.2-243c-21.3 0-38.5-17.3-38.5-38.5S80.9 96 102.2 96c21.2 0 38.5 17.3 38.5 38.5 0 21.3-17.2 38.5-38.5 38.5zm282.1 243h-66.4V312c0-24.8-.5-56.7-34.5-56.7-34.6 0-39.9 27-39.9 54.9V416h-66.4V202.2h63.7v29.2h.9c8.9-16.8 30.6-34.5 62.9-34.5 67.2 0 79.7 44.3 79.7 101.9V416z\"><\/path><\/svg>\t\t\t\t\t<\/a>\n\t\t\t\t<\/span>\n\t\t\t\t\t<\/div>\n\t\t\t\t<\/div>\n\t\t\t\t<\/div>\n\t\t\t\t\t<\/div>\n\t\t\t\t<\/div>\n\t\t<div class=\"elementor-element elementor-element-ce58a6f e-flex e-con-boxed e-con e-parent\" data-id=\"ce58a6f\" data-element_type=\"container\">\n\t\t\t\t\t<div class=\"e-con-inner\">\n\t\t\t\t<div class=\"elementor-element elementor-element-a7e54ae elementor-widget elementor-widget-image\" data-id=\"a7e54ae\" data-element_type=\"widget\" data-widget_type=\"image.default\">\n\t\t\t\t<div class=\"elementor-widget-container\">\n\t\t\t\t\t\t\t\t\t\t\t\t\t<img fetchpriority=\"high\" decoding=\"async\" width=\"683\" height=\"1024\" src=\"https:\/\/assurancesogas.site\/wp-content\/uploads\/2024\/04\/Adventure-is-calling-683x1024.jpeg\" class=\"attachment-large size-large wp-image-982\" alt=\"assurance moto maroc\" srcset=\"https:\/\/assurancesogas.site\/wp-content\/uploads\/2024\/04\/Adventure-is-calling-683x1024.jpeg 683w, https:\/\/assurancesogas.site\/wp-content\/uploads\/2024\/04\/Adventure-is-calling-200x300.jpeg 200w, https:\/\/assurancesogas.site\/wp-content\/uploads\/2024\/04\/Adventure-is-calling.jpeg 736w\" sizes=\"(max-width: 683px) 100vw, 683px\" \/>\t\t\t\t\t\t\t\t\t\t\t\t\t<\/div>\n\t\t\t\t<\/div>\n\t\t\t\t\t<\/div>\n\t\t\t\t<\/div>\n\t\t<div class=\"elementor-element elementor-element-c3d125d e-flex e-con-boxed e-con e-parent\" data-id=\"c3d125d\" data-element_type=\"container\">\n\t\t\t\t\t<div class=\"e-con-inner\">\n\t\t\t\t<div class=\"elementor-element elementor-element-ab80349 elementor-widget elementor-widget-heading\" data-id=\"ab80349\" data-element_type=\"widget\" data-widget_type=\"heading.default\">\n\t\t\t\t<div class=\"elementor-widget-container\">\n\t\t\t<h2 class=\"elementor-heading-title elementor-size-default\">Assurance Moto <\/h2>\t\t<\/div>\n\t\t\t\t<\/div>\n\t\t\t\t\t<\/div>\n\t\t\t\t<\/div>\n\t\t<div class=\"elementor-element elementor-element-b611605 e-flex e-con-boxed e-con e-parent\" data-id=\"b611605\" data-element_type=\"container\">\n\t\t\t\t\t<div class=\"e-con-inner\">\n\t\t\t\t<div class=\"elementor-element elementor-element-d51f283 elementor-widget elementor-widget-text-editor\" data-id=\"d51f283\" data-element_type=\"widget\" data-widget_type=\"text-editor.default\">\n\t\t\t\t<div class=\"elementor-widget-container\">\n\t\t\t\t\t\t\t<h1>Prot\u00e9gez-vous et votre passion avec une assurance moto adapt\u00e9e<\/h1><p>Que vous soyez un motard passionn\u00e9 ou un amateur occasionnel, rouler \u00e0 moto offre une sensation de libert\u00e9 incomparable. Cependant, il est essentiel de prendre des pr\u00e9cautions pour assurer votre s\u00e9curit\u00e9 sur la route. Souscrire une assurance moto adapt\u00e9e est une \u00e9tape cruciale pour prot\u00e9ger \u00e0 la fois votre investissement et vous-m\u00eame.<\/p><h2>Pourquoi souscrire une assurance moto maroc ?<\/h2><p>La souscription \u00e0 une assurance moto n&rsquo;est pas seulement une exigence l\u00e9gale dans de nombreux pays, mais c&rsquo;est aussi un moyen indispensable de vous prot\u00e9ger contre les impr\u00e9vus. Voici quelques raisons pour lesquelles l&rsquo;assurance moto est essentielle :<\/p><h2>1. Protection financi\u00e8re :<\/h2><p>En cas d&rsquo;accident, une assurance moto peut vous prot\u00e9ger financi\u00e8rement en couvrant les frais de r\u00e9paration ou de remplacement de votre moto, ainsi que les \u00e9ventuels dommages corporels ou mat\u00e9riels caus\u00e9s \u00e0 des tiers.<\/p><h2>2. Responsabilit\u00e9 civile :<\/h2><p>En tant que conducteur, vous pouvez \u00eatre tenu responsable des dommages caus\u00e9s \u00e0 autrui lors d&rsquo;un accident. L&rsquo;assurance responsabilit\u00e9 civile couvre ces frais, vous \u00e9vitant ainsi des d\u00e9penses consid\u00e9rables.<\/p><h2>3.Assistance en cas d&rsquo;urgence:<\/h2><p>De nombreuses polices d&rsquo;assurance moto offrent une assistance en cas d&rsquo;urgence, notamment le remorquage de votre moto en cas de panne ou d&rsquo;accident, ainsi que des services de d\u00e9pannage.<\/p><h2>4. Protection juridique :<\/h2><p>En cas de litige li\u00e9 \u00e0 un accident de moto, une assurance peut fournir une assistance juridique pour vous aider \u00e0 r\u00e9soudre le probl\u00e8me de mani\u00e8re efficace.<\/p><h2>\u00a0Comment choisir la bonne assurance moto ?<\/h2><p>Lorsque vous choisissez une assurance moto, il est important de tenir compte de plusieurs facteurs pour vous assurer d&rsquo;obtenir une couverture ad\u00e9quate :<\/p><h2>1. Niveau de couverture :<\/h2><p>Assurez-vous de choisir un niveau de couverture qui correspond \u00e0 vos besoins. Cela peut inclure une assurance responsabilit\u00e9 civile, une couverture contre le vol et les dommages, une protection contre les accidents corporels, etc.<\/p><h2>2. Franchise et prime d&rsquo;assurance:<\/h2><p>Comparez les franchises et les primes d&rsquo;assurance propos\u00e9es par diff\u00e9rents assureurs pour trouver la meilleure offre en fonction de votre budget.<\/p><h2>3. Options suppl\u00e9mentaires:<\/h2><p>Certains assureurs proposent des options suppl\u00e9mentaires telles que la couverture pour les accessoires de moto, une assurance contre le vol d&rsquo;\u00e9quipement, ou une assurance pour les voyages \u00e0 l&rsquo;\u00e9tranger. \u00c9valuez ces options en fonction de vos besoins sp\u00e9cifiques.<\/p><h2>4. R\u00e9putation de l&rsquo;assureur :<\/h2><p>Renseignez-vous sur la r\u00e9putation et la fiabilit\u00e9 de l&rsquo;assureur avant de souscrire une police. Consultez les avis des clients et \u00e9valuez la qualit\u00e9 du service client.<\/p><h1>Conclusion<\/h1><p>Souscrire une assurance moto adapt\u00e9e est un investissement essentiel pour prot\u00e9ger votre s\u00e9curit\u00e9 et votre patrimoine. En choisissant la bonne assurance et en comprenant les diff\u00e9rents aspects de votre couverture, vous pouvez rouler en toute tranquillit\u00e9 d&rsquo;esprit, sachant que vous \u00eates prot\u00e9g\u00e9 contre les impr\u00e9vus sur la route. Ne n\u00e9gligez pas cette \u00e9tape cruciale et partez \u00e0 l&rsquo;aventure en toute s\u00e9curit\u00e9 !<\/p>\t\t\t\t\t\t<\/div>\n\t\t\t\t<\/div>\n\t\t\t\t\t<\/div>\n\t\t\t\t<\/div>\n\t\t<div class=\"elementor-element elementor-element-fe48882 e-flex e-con-boxed e-con e-parent\" data-id=\"fe48882\" data-element_type=\"container\">\n\t\t\t\t\t<div class=\"e-con-inner\">\n\t\t\t\t<div class=\"elementor-element elementor-element-5b41e53 elementor-view-default elementor-position-top elementor-mobile-position-top elementor-widget elementor-widget-icon-box\" data-id=\"5b41e53\" data-element_type=\"widget\" data-widget_type=\"icon-box.default\">\n\t\t\t\t<div class=\"elementor-widget-container\">\n\t\t\t\t\t<div class=\"elementor-icon-box-wrapper\">\n\n\t\t\t\t\t\t<div class=\"elementor-icon-box-icon\">\n\t\t\t\t<a href=\"https:\/\/assurancesogas.site\/index.php\/contact\/\" class=\"elementor-icon elementor-animation-\" tabindex=\"-1\">\n\t\t\t\t<svg aria-hidden=\"true\" class=\"e-font-icon-svg e-fas-phone-square-alt\" viewBox=\"0 0 448 512\" xmlns=\"http:\/\/www.w3.org\/2000\/svg\"><path d=\"M400 32H48A48 48 0 0 0 0 80v352a48 48 0 0 0 48 48h352a48 48 0 0 0 48-48V80a48 48 0 0 0-48-48zm-16.39 307.37l-15 65A15 15 0 0 1 354 416C194 416 64 286.29 64 126a15.7 15.7 0 0 1 11.63-14.61l65-15A18.23 18.23 0 0 1 144 96a16.27 16.27 0 0 1 13.79 9.09l30 70A17.9 17.9 0 0 1 189 181a17 17 0 0 1-5.5 11.61l-37.89 31a231.91 231.91 0 0 0 110.78 110.78l31-37.89A17 17 0 0 1 299 291a17.85 17.85 0 0 1 5.91 1.21l70 30A16.25 16.25 0 0 1 384 336a17.41 17.41 0 0 1-.39 3.37z\"><\/path><\/svg>\t\t\t\t<\/a>\n\t\t\t<\/div>\n\t\t\t\n\t\t\t\t\t\t<div class=\"elementor-icon-box-content\">\n\n\t\t\t\t\t\t\t\t\t<h3 class=\"elementor-icon-box-title\">\n\t\t\t\t\t\t<a href=\"https:\/\/assurancesogas.site\/index.php\/contact\/\">\n\t\t\t\t\t\t\tcontactez-nous !\t\t\t\t\t\t<\/a>\n\t\t\t\t\t<\/h3>\n\t\t\t\t\n\t\t\t\t\t\t\t\t\t<p class=\"elementor-icon-box-description\">\n\t\t\t\t\t\tLorem ipsum dolor sit amet, consectetur adipiscing elit. Ut elit tellus, luctus nec ullamcorper mattis, pulvinar dapibus leo.\t\t\t\t\t<\/p>\n\t\t\t\t\n\t\t\t<\/div>\n\t\t\t\n\t\t<\/div>\n\t\t\t\t<\/div>\n\t\t\t\t<\/div>\n\t\t\t\t\t<\/div>\n\t\t\t\t<\/div>\n\t\t<div class=\"elementor-element elementor-element-cf587f9 e-flex e-con-boxed e-con e-parent\" data-id=\"cf587f9\" data-element_type=\"container\">\n\t\t\t\t\t<div class=\"e-con-inner\">\n\t\t\t\t<div class=\"elementor-element elementor-element-f559542 elementor-align-center elementor-widget elementor-widget-button\" data-id=\"f559542\" data-element_type=\"widget\" data-widget_type=\"button.default\">\n\t\t\t\t<div class=\"elementor-widget-container\">\n\t\t\t\t\t\t\t<div class=\"elementor-button-wrapper\">\n\t\t\t\t\t<a class=\"elementor-button elementor-button-link elementor-size-sm\" href=\"https:\/\/assurancesogas.site\/index.php\/contact\/\">\n\t\t\t\t\t\t<span class=\"elementor-button-content-wrapper\">\n\t\t\t\t\t\t\t\t\t<span class=\"elementor-button-text\">Contactez-nous !<\/span>\n\t\t\t\t\t<\/span>\n\t\t\t\t\t<\/a>\n\t\t\t\t<\/div>\n\t\t\t\t\t\t<\/div>\n\t\t\t\t<\/div>\n\t\t\t\t\t<\/div>\n\t\t\t\t<\/div>\n\t\t<div class=\"elementor-element elementor-element-bccfe24 e-flex e-con-boxed e-con e-parent\" data-id=\"bccfe24\" data-element_type=\"container\">\n\t\t\t\t\t<div class=\"e-con-inner\">\n\t\t\t\t<div class=\"elementor-element elementor-element-3343550 elementor-widget elementor-widget-text-editor\" data-id=\"3343550\" data-element_type=\"widget\" data-widget_type=\"text-editor.default\">\n\t\t\t\t<div class=\"elementor-widget-container\">\n\t\t\t\t\t\t\t<p>Assurance Moto &#8211; assurancesogas.site<\/p><h2>1. Qu&rsquo;est-ce que l&rsquo;assurance moto ?<\/h2><p>L&rsquo;assurance moto est une protection financi\u00e8re offerte par les compagnies d&rsquo;assurance pour les propri\u00e9taires de motocyclettes. Elle couvre les dommages mat\u00e9riels et corporels caus\u00e9s \u00e0 vous-m\u00eame, \u00e0 votre moto et \u00e0 autrui en cas d&rsquo;accident.<\/p><h2>2. Quels types d&rsquo;assurance moto sont disponibles sur AssuranceSogas ?<\/h2><p>Sur assurancesogas.site, nous proposons plusieurs types d&rsquo;assurance moto, notamment :<\/p><h3>&#8211; Responsabilit\u00e9 Civile :<\/h3><h3>Obligatoire, cette assurance couvre les dommages corporels et mat\u00e9riels caus\u00e9s \u00e0 autrui en cas d&rsquo;accident.<\/h3><p>&#8211; Dommages Mat\u00e9riels :<\/p><h3>Cette assurance couvre les r\u00e9parations de votre propre moto en cas d&rsquo;accident, de vol ou de dommages caus\u00e9s par des \u00e9l\u00e9ments ext\u00e9rieurs tels que la gr\u00eale.<\/h3><p>&#8211; Tous Risques :<\/p><p>Offrant la couverture la plus compl\u00e8te, cette assurance prend en charge les dommages \u00e0 votre moto, ainsi que ceux caus\u00e9s \u00e0 d&rsquo;autres v\u00e9hicules ou biens, quelle que soit la cause de l&rsquo;accident.<\/p><h2>3. De quoi ai-je besoin pour assurer ma moto sur AssuranceSogas ?<\/h2><p>Pour assurer votre moto sur assurancesogas , vous aurez besoin des documents suivants : une preuve de propri\u00e9t\u00e9 de la moto (titre ou certificat d&rsquo;immatriculation), une carte grise, un permis de conduire valide et une vignette.<\/p><p>\u00a0<\/p>\t\t\t\t\t\t<\/div>\n\t\t\t\t<\/div>\n\t\t\t\t\t<\/div>\n\t\t\t\t<\/div>\n\t\t\t\t<\/div>\n\t\t","protected":false},"excerpt":{"rendered":"<p>Facebook Twitter Instagram Linkedin Assurance Moto Prot\u00e9gez-vous et votre passion avec une assurance moto adapt\u00e9e Que vous soyez un motard passionn\u00e9 ou un amateur occasionnel, rouler \u00e0 moto offre une sensation de libert\u00e9 incomparable. Cependant, il est essentiel de prendre des pr\u00e9cautions pour assurer votre s\u00e9curit\u00e9 sur la route. Souscrire une assurance moto adapt\u00e9e est [&hellip;]<\/p>\n","protected":false},"author":1,"featured_media":0,"parent":0,"menu_order":0,"comment_status":"closed","ping_status":"closed","template":"elementor_header_footer","meta":{"_monsterinsights_skip_tracking":false,"_monsterinsights_sitenote_active":false,"_monsterinsights_sitenote_note":"","_monsterinsights_sitenote_category":0,"footnotes":""},"class_list":["post-736","page","type-page","status-publish","hentry"],"aioseo_notices":[],"_links":{"self":[{"href":"https:\/\/assurancesogas.site\/index.php\/wp-json\/wp\/v2\/pages\/736","targetHints":{"allow":["GET"]}}],"collection":[{"href":"https:\/\/assurancesogas.site\/index.php\/wp-json\/wp\/v2\/pages"}],"about":[{"href":"https:\/\/assurancesogas.site\/index.php\/wp-json\/wp\/v2\/types\/page"}],"author":[{"embeddable":true,"href":"https:\/\/assurancesogas.site\/index.php\/wp-json\/wp\/v2\/users\/1"}],"replies":[{"embeddable":true,"href":"https:\/\/assurancesogas.site\/index.php\/wp-json\/wp\/v2\/comments?post=736"}],"version-history":[{"count":22,"href":"https:\/\/assurancesogas.site\/index.php\/wp-json\/wp\/v2\/pages\/736\/revisions"}],"predecessor-version":[{"id":1274,"href":"https:\/\/assurancesogas.site\/index.php\/wp-json\/wp\/v2\/pages\/736\/revisions\/1274"}],"wp:attachment":[{"href":"https:\/\/assurancesogas.site\/index.php\/wp-json\/wp\/v2\/media?parent=736"}],"curies":[{"name":"wp","href":"https:\/\/api.w.org\/{rel}","templated":true}]}}